{"id":24,"date":"2024-04-23T19:25:51","date_gmt":"2024-04-23T16:25:51","guid":{"rendered":"https:\/\/www.ottodenetim.com.tr\/index.php\/services\/"},"modified":"2024-05-04T22:43:44","modified_gmt":"2024-05-04T19:43:44","slug":"hizmetlerimiz","status":"publish","type":"page","link":"https:\/\/www.ottodenetim.com.tr\/index.php\/hizmetlerimiz\/","title":{"rendered":"Hizmetlerimiz"},"content":{"rendered":"\n<div class=\"wp-block-group alignfull has-no-underline gutenify-section-f7e99470-0dc6-11ee-8dea-6752b411a41e is-layout-flow wp-container-core-group-is-layout-a77db08e wp-block-group-is-layout-flow gtfy-59\">\n<div class=\"wp-block-cover is-light gutenify-section-c44117b0-0dc6-11ee-b4c8-8ffef8c33c7d gtfy-3\" style=\"min-height:405px;aspect-ratio:unset;\"><span aria-hidden=\"true\" class=\"wp-block-cover__background has-foreground-background-color has-background-dim\"><\/span><img decoding=\"async\" class=\"wp-block-cover__image-background wp-image-4208\" alt=\"\" src=\"https:\/\/demo.gutenify.com\/gutenify-bizlite\/wp-content\/uploads\/sites\/155\/2024\/04\/business-smile-laptop-table-shelf-coat-1684086-pxhere.com_.jpg\" data-object-fit=\"cover\"\/><div class=\"wp-block-cover__inner-container is-layout-flow wp-block-cover-is-layout-flow\">\n<div class=\"wp-block-group alignwide gutenify-section-c440a280-0dc6-11ee-b4c8-8ffef8c33c7d is-layout-constrained wp-block-group-is-layout-constrained gtfy-2\"><h1 class=\"has-text-align-center alignwide wp-block-post-title has-text-color has-background-color has-large-font-size gtfy-1\" class=\"has-text-align-center alignwide wp-block-post-title has-text-color has-background-color has-large-font-size gtfy-1\" id=\"hizmetlerimiz\">Hizmetlerimiz<\/h1><\/div>\n<\/div><\/div>\n\n\n\n<div class=\"wp-block-group alignfull has-background-background-color has-background gutenify-section-9193b1c0-f4ce-11ee-9dbb-61a6e17aabea is-layout-constrained wp-container-core-group-is-layout-56099eb6 wp-block-group-is-layout-constrained gtfy-50\" style=\"padding-top:8vw;padding-right:20px;padding-bottom:8vw;padding-left:20px\">\n<div class=\"wp-block-group alignwide gutenify-section-915e49e0-f4ce-11ee-9dbb-61a6e17aabea is-layout-flow wp-container-core-group-is-layout-9e40f159 wp-block-group-is-layout-flow gtfy-13\" style=\"padding-bottom:30px\">\n<div class=\"wp-block-columns are-vertically-aligned-center gutenify-section-915d8690-f4ce-11ee-9dbb-61a6e17aabea is-layout-flex wp-container-core-columns-is-layout-87beb0d0 wp-block-columns-is-layout-flex gtfy-12\">\n<div class=\"wp-block-column is-vertically-aligned-center gutenify-section-915bfff0-f4ce-11ee-9dbb-61a6e17aabea is-layout-flow wp-block-column-is-layout-flow gtfy-9\">\n<div class=\"wp-block-group gutenify-section-915b3ca0-f4ce-11ee-9dbb-61a6e17aabea is-layout-flow wp-container-core-group-is-layout-fe0e2ea3 wp-block-group-is-layout-flow gtfy-8\">\n<div class=\"wp-block-group gutenify-section-915a0420-f4ce-11ee-9dbb-61a6e17aabea is-nowrap is-layout-flex wp-container-core-group-is-layout-6c531013 wp-block-group-is-layout-flex gtfy-6\">\n<div class=\"wp-block-group animated animated-fadeInUp has-border-color has-body-text-border-color gutenify-section-915967e0-f4ce-11ee-9dbb-61a6e17aabea is-layout-constrained wp-container-core-group-is-layout-d5053de9 wp-block-group-is-layout-constrained gtfy-5\" style=\"border-width:1px;border-radius:75px;padding-top:var(--wp--preset--spacing--20);padding-right:var(--wp--preset--spacing--50);padding-bottom:var(--wp--preset--spacing--20);padding-left:var(--wp--preset--spacing--50)\">\n<p class=\"has-text-align-left animated animated-fadeInUp has-foreground-color has-text-color gutenify-section-9158cba0-f4ce-11ee-9dbb-61a6e17aabea gtfy-4\" style=\"font-size:15px;letter-spacing:0px\"><strong>H\u0130ZMETLER\u0130M\u0130Z<\/strong><\/p>\n<\/div>\n<\/div>\n\n\n\n<h2 class=\"wp-block-heading has-text-align-left animated animated-fadeInUp has-slider-title-font-size gutenify-section-915ac770-f4ce-11ee-9dbb-61a6e17aabea gtfy-7\" style=\"margin-bottom:0px;line-height:1.7;text-transform:capitalize\" class=\"wp-block-heading has-text-align-left animated animated-fadeInUp has-slider-title-font-size gutenify-section-915ac770-f4ce-11ee-9dbb-61a6e17aabea gtfy-7\" style=\"margin-bottom:0px;line-height:1.7;text-transform:capitalize\" id=\"hizmetlerimiz-ve-hizmet-detaylari\">Hizmetlerimiz ve Hizmet Detaylar\u0131<\/h2>\n<\/div>\n<\/div>\n\n\n\n<div class=\"wp-block-column is-vertically-aligned-center gutenify-section-915cea50-f4ce-11ee-9dbb-61a6e17aabea is-layout-flow wp-block-column-is-layout-flow gtfy-11\" style=\"flex-basis:30%\">\n<p class=\"animated animated-fadeInUp has-small-font-size gutenify-section-915c7520-f4ce-11ee-9dbb-61a6e17aabea gtfy-10\">Otto Denetim G\u00fcvencesiyle.<\/p>\n<\/div>\n<\/div>\n<\/div>\n\n\n\n<div class=\"wp-block-columns alignwide gutenify-section-91763eb0-f4ce-11ee-9dbb-61a6e17aabea is-layout-flex wp-container-core-columns-is-layout-28f84493 wp-block-columns-is-layout-flex gtfy-49\">\n<div class=\"wp-block-column has-background gutenify-section-91659ce0-f4ce-11ee-9dbb-61a6e17aabea is-layout-flow wp-block-column-is-layout-flow gtfy-24\" style=\"background-color:#ffb25900\">\n<div class=\"wp-block-group animated animated-fadeInUp gutenify-section-9164d990-f4ce-11ee-9dbb-61a6e17aabea is-layout-constrained wp-container-core-group-is-layout-b5e51e99 wp-block-group-is-layout-constrained gtfy-23\" style=\"padding-top:0;padding-right:0;padding-bottom:2px;padding-left:0\">\n<div class=\"wp-block-group has-background-secondary-background-color has-background gutenify-section-91641640-f4ce-11ee-9dbb-61a6e17aabea is-layout-flow wp-container-core-group-is-layout-81a9c957 wp-block-group-is-layout-flow gtfy-22\" style=\"border-style:none;border-width:0px;border-radius:4px;padding-top:60px;padding-right:40px;padding-bottom:60px;padding-left:40px\">\n<div class=\"wp-block-group gutenify-section-916045b0-f4ce-11ee-9dbb-61a6e17aabea is-nowrap is-layout-flex wp-container-core-group-is-layout-d16541ce wp-block-group-is-layout-flex gtfy-16\" style=\"padding-bottom:10px\">\n<figure class=\"wp-block-image alignleft size-full gutenify-section-915fd080-f4ce-11ee-9dbb-61a6e17aabea wp-duotone-000-000-14 gtfy-15\"><img decoding=\"async\" src=\"https:\/\/demo.gutenify.com\/gutenify-bizlite\/wp-content\/themes\/gutenify-bizlite\/images\/service-1.png\" alt=\"\" class=\"wp-image-212\"\/><\/figure>\n<\/div>\n\n\n\n<div class=\"wp-block-group gutenify-section-91626890-f4ce-11ee-9dbb-61a6e17aabea is-layout-flow wp-container-core-group-is-layout-fe0e2ea3 wp-block-group-is-layout-flow gtfy-19\">\n<h3 class=\"wp-block-heading has-text-align-left has-white-color has-text-color gutenify-section-9161cc50-f4ce-11ee-9dbb-61a6e17aabea gtfy-17\" style=\"font-style:normal;font-weight:600;text-transform:capitalize\" class=\"wp-block-heading has-text-align-left has-white-color has-text-color gutenify-section-9161cc50-f4ce-11ee-9dbb-61a6e17aabea gtfy-17\" style=\"font-style:normal;font-weight:600;text-transform:capitalize\" id=\"denetim-ve-guvence-hizmetleri\"><a href=\"#\"><a href=\"https:\/\/www.ottodenetim.com.tr\/YEDEK\/site\/services.php#\">Denetim ve G\u00fcvence Hizmetleri<\/a><\/a><\/h3>\n\n\n\n<p class=\"gutenify-section-9a0dcd10-0a4d-11ef-8089-59e353b643b9 gtfy-18\"><strong>Ba\u011f\u0131ms\u0131z Denetim Hizmetleri<\/strong><\/p>\n<\/div>\n\n\n\n<p class=\"gutenify-section-9493f9e0-0a4d-11ef-8089-59e353b643b9 gtfy-20\"><strong>OTTO&nbsp;<\/strong>ba\u011f\u0131ms\u0131z denetim olarak amac\u0131m\u0131z, i\u015f eti\u011fi kurallar\u0131na riayet ederek b\u00fcy\u00fck \u00f6l\u00e7ekli i\u015fletmelerin yan\u0131 s\u0131ra orta ve k\u00fc\u00e7\u00fck \u00f6l\u00e7ekli geli\u015fmekte olan dinamik i\u015fletmelerin finansal tablolar\u0131n\u0131n, tam, g\u00fcvenilir, sa\u011fl\u0131kl\u0131, s\u00fcrd\u00fcr\u00fclebilir oldu\u011fu y\u00f6n\u00fcnde kaliteli denetim hizmeti sa\u011flamakt\u0131r.<\/p>\n\n\n\n<p class=\"has-text-align-left has-no-underline is-style-underline has-background-color has-text-color has-link-color gutenify-section-9163a110-f4ce-11ee-9dbb-61a6e17aabea wp-elements-6243992d8b3d3fd512943d5cadc3a7e2 gtfy-21\" style=\"font-size:14px;letter-spacing:2px;text-transform:uppercase\"><a href=\"#\"><strong>Devam\u0131n\u0131 g\u00f6r<\/strong><\/a><\/p>\n<\/div>\n<\/div>\n<\/div>\n\n\n\n<div class=\"wp-block-column has-background gutenify-section-916d3e00-f4ce-11ee-9dbb-61a6e17aabea is-layout-flow wp-block-column-is-layout-flow gtfy-37\" style=\"background-color:#ffb25900\">\n<div class=\"wp-block-group animated animated-fadeInUp gutenify-section-916c53a0-f4ce-11ee-9dbb-61a6e17aabea is-layout-constrained wp-container-core-group-is-layout-b5e51e99 wp-block-group-is-layout-constrained gtfy-36\" style=\"padding-top:0;padding-right:0;padding-bottom:2px;padding-left:0\">\n<div class=\"wp-block-group has-background-secondary-background-color has-background gutenify-section-916b9050-f4ce-11ee-9dbb-61a6e17aabea is-layout-flow wp-container-core-group-is-layout-81a9c957 wp-block-group-is-layout-flow gtfy-35\" style=\"border-style:none;border-width:0px;border-radius:4px;padding-top:60px;padding-right:40px;padding-bottom:60px;padding-left:40px\">\n<div class=\"wp-block-group gutenify-section-916798b0-f4ce-11ee-9dbb-61a6e17aabea is-nowrap is-layout-flex wp-container-core-group-is-layout-d16541ce wp-block-group-is-layout-flex gtfy-27\" style=\"padding-bottom:10px\">\n<figure class=\"wp-block-image alignleft size-full is-resized gutenify-section-91672380-f4ce-11ee-9dbb-61a6e17aabea wp-duotone-000-000-25 gtfy-26\"><img decoding=\"async\" src=\"https:\/\/demo.gutenify.com\/gutenify-bizlite\/wp-content\/themes\/gutenify-bizlite\/images\/service-2.png\" alt=\"\" class=\"wp-image-213\" style=\"width:48px;height:auto\"\/><\/figure>\n<\/div>\n\n\n\n<div class=\"wp-block-group gutenify-section-91696d70-f4ce-11ee-9dbb-61a6e17aabea is-layout-flow wp-container-core-group-is-layout-fe0e2ea3 wp-block-group-is-layout-flow gtfy-32\">\n<h3 class=\"wp-block-heading has-text-align-left has-white-color has-text-color gutenify-section-9168f840-f4ce-11ee-9dbb-61a6e17aabea gtfy-28\" style=\"font-style:normal;font-weight:600;text-transform:capitalize\" class=\"wp-block-heading has-text-align-left has-white-color has-text-color gutenify-section-9168f840-f4ce-11ee-9dbb-61a6e17aabea gtfy-28\" style=\"font-style:normal;font-weight:600;text-transform:capitalize\" id=\"danismanlik-hizmetleri\"><a href=\"#\"><a href=\"https:\/\/www.ottodenetim.com.tr\/YEDEK\/site\/services.php#\">Dan\u0131\u015fmanl\u0131k Hizmetleri<\/a><\/a><\/h3>\n\n\n\n<p class=\"gutenify-section-ab71dba0-0a4d-11ef-8089-59e353b643b9 gtfy-29\"><strong>\u015eirket Birle\u015fme ve Sat\u0131n Alma \u0130\u015flemleri<\/strong><\/p>\n\n\n\n<p class=\"gutenify-section-b1f2e5a0-0a4d-11ef-8089-59e353b643b9 gtfy-30\"><strong>Y\u00f6netim Dan\u0131\u015fmanl\u0131\u011f\u0131<\/strong><\/p>\n\n\n\n<p class=\"gutenify-section-ba04c8d0-0a4d-11ef-8089-59e353b643b9 gtfy-31\"><strong>Suistimal, Uyum ve Kriz Y\u00f6netimi Dan\u0131\u015fmanl\u0131\u011f\u0131<\/strong><\/p>\n<\/div>\n\n\n\n<p class=\"has-text-align-left has-body-text-color has-text-color has-small-font-size gutenify-section-916a57d0-f4ce-11ee-9dbb-61a6e17aabea gtfy-33\">Detayl\u0131 Bilgi \u0130\u00e7in \u0130\u00e7eri\u011fe G\u00f6z Atabilirsiniz.<\/p>\n\n\n\n<p class=\"has-text-align-left has-no-underline is-style-underline has-background-color has-text-color has-link-color gutenify-section-916acd00-f4ce-11ee-9dbb-61a6e17aabea wp-elements-d7711e18794b85eacaf5f8fc0e541bde gtfy-34\" style=\"font-size:14px;letter-spacing:2px;text-transform:uppercase\"><a href=\"#\"><strong>DEVAMINI G\u00d6R<\/strong><\/a><\/p>\n<\/div>\n<\/div>\n<\/div>\n\n\n\n<div class=\"wp-block-column has-background gutenify-section-9175a270-f4ce-11ee-9dbb-61a6e17aabea is-layout-flow wp-block-column-is-layout-flow gtfy-48\" style=\"background-color:#ffb25900\">\n<div class=\"wp-block-group animated animated-fadeInUp gutenify-section-91749100-f4ce-11ee-9dbb-61a6e17aabea is-layout-constrained wp-container-core-group-is-layout-b5e51e99 wp-block-group-is-layout-constrained gtfy-47\" style=\"padding-top:0;padding-right:0;padding-bottom:2px;padding-left:0\">\n<div class=\"wp-block-group has-background-secondary-background-color has-background gutenify-section-91737f90-f4ce-11ee-9dbb-61a6e17aabea is-layout-flow wp-container-core-group-is-layout-81a9c957 wp-block-group-is-layout-flow gtfy-46\" style=\"border-style:none;border-width:0px;border-radius:4px;padding-top:60px;padding-right:40px;padding-bottom:60px;padding-left:40px\">\n<div class=\"wp-block-group gutenify-section-916f39d0-f4ce-11ee-9dbb-61a6e17aabea is-nowrap is-layout-flex wp-container-core-group-is-layout-d16541ce wp-block-group-is-layout-flex gtfy-40\" style=\"padding-bottom:10px\">\n<figure class=\"wp-block-image alignleft size-full gutenify-section-916e9d90-f4ce-11ee-9dbb-61a6e17aabea wp-duotone-000000-000-38 gtfy-39\"><img decoding=\"async\" src=\"https:\/\/demo.gutenify.com\/gutenify-bizlite\/wp-content\/themes\/gutenify-bizlite\/images\/service-3.png\" alt=\"\" class=\"wp-image-214\"\/><\/figure>\n<\/div>\n\n\n\n<div class=\"wp-block-group gutenify-section-917183c0-f4ce-11ee-9dbb-61a6e17aabea is-layout-flow wp-container-core-group-is-layout-fe0e2ea3 wp-block-group-is-layout-flow gtfy-43\">\n<h3 class=\"wp-block-heading has-text-align-left has-white-color has-text-color gutenify-section-9170e780-f4ce-11ee-9dbb-61a6e17aabea gtfy-41\" style=\"font-style:normal;font-weight:600;text-transform:capitalize\" class=\"wp-block-heading has-text-align-left has-white-color has-text-color gutenify-section-9170e780-f4ce-11ee-9dbb-61a6e17aabea gtfy-41\" style=\"font-style:normal;font-weight:600;text-transform:capitalize\" id=\"risk-yonetimi-hizmetleri\"><a href=\"#\"><a href=\"https:\/\/www.ottodenetim.com.tr\/YEDEK\/site\/services.php#\">Risk Y\u00f6netimi Hizmetleri<\/a><\/a><\/h3>\n\n\n\n<p class=\"gutenify-section-e735ff90-0a4d-11ef-8089-59e353b643b9 gtfy-42\">\u0130\u00e7 Denetim ve \u0130\u00e7 Kontrol Hizmetleri<br>Muhasebe Sistemlerinin Kurulmas\u0131 ve Vergi Dan\u0131\u015fmanl\u0131\u011f\u0131 Hizmetleri<br>Finansal Raporlama ve Muhasebe Dan\u0131\u015fmanl\u0131\u011f\u0131 Hizmetleri<br>UFRS \/ TFRS<\/p>\n<\/div>\n\n\n\n<p class=\"has-text-align-left has-body-text-color has-text-color has-small-font-size gutenify-section-91726e20-f4ce-11ee-9dbb-61a6e17aabea gtfy-44\">Detayl\u0131 Bilgi \u0130\u00e7in \u0130\u00e7eri\u011fe G\u00f6z Atabilirsiniz.<\/p>\n\n\n\n<p class=\"has-text-align-left has-no-underline is-style-underline has-background-color has-text-color has-link-color gutenify-section-9172e350-f4ce-11ee-9dbb-61a6e17aabea wp-elements-c19d506f1892aa73877dc33e215c199d gtfy-45\" style=\"font-size:14px;letter-spacing:2px;text-transform:uppercase\"><a href=\"#\"><strong>DEVAMINI G\u00d6R<\/strong><\/a><\/p>\n<\/div>\n<\/div>\n<\/div>\n<\/div>\n<\/div>\n\n\n\n<div class=\"wp-block-group alignfull has-foreground-background-color has-background gutenify-section-f7d19fa0-0dc6-11ee-8dea-6752b411a41e is-layout-constrained wp-container-core-group-is-layout-d794d2f0 wp-block-group-is-layout-constrained gtfy-58\" style=\"padding-top:0px;padding-right:0px;padding-bottom:0px;padding-left:0px\">\n<div class=\"wp-block-cover alignfull is-light gutenify-section-f7d15180-0dc6-11ee-8dea-6752b411a41e gtfy-57\" style=\"padding-top:100px;padding-right:30px;padding-bottom:100px;padding-left:30px\"><span aria-hidden=\"true\" class=\"wp-block-cover__background has-background-dim\"><\/span><img decoding=\"async\" class=\"wp-block-cover__image-background wp-image-1639\" alt=\"\" src=\"https:\/\/demo.gutenify.com\/gutenify-business\/wp-content\/themes\/gutenify-business\/images\/inner-banner.jpg\" data-object-fit=\"cover\"\/><div class=\"wp-block-cover__inner-container is-layout-flow wp-block-cover-is-layout-flow\">\n<div class=\"wp-block-group alignwide gutenify-section-f7d0dc50-0dc6-11ee-8dea-6752b411a41e is-layout-constrained wp-block-group-is-layout-constrained gtfy-56\">\n<div class=\"wp-block-group alignwide has-background-color has-text-color gutenify-section-f7d08e30-0dc6-11ee-8dea-6752b411a41e is-layout-flow wp-container-core-group-is-layout-f5d06d51 wp-block-group-is-layout-flow gtfy-55\" style=\"padding-top:40px;padding-bottom:40px\">\n<p class=\"has-text-align-center has-background-color has-text-color has-medium-font-size gutenify-section-f7cf2ea0-0dc6-11ee-8dea-6752b411a41e gtfy-51\">T\u00fcm M\u00fc\u015fterilerimize De\u011fer Veriyoruz.<\/p>\n\n\n\n<h2 class=\"wp-block-heading alignwide has-text-align-center has-background-color has-text-color has-gigantic-font-size gutenify-section-f7cf55b0-0dc6-11ee-8dea-6752b411a41e gtfy-52\" style=\"font-style:normal;font-weight:700\" class=\"wp-block-heading alignwide has-text-align-center has-background-color has-text-color has-gigantic-font-size gutenify-section-f7cf55b0-0dc6-11ee-8dea-6752b411a41e gtfy-52\" style=\"font-style:normal;font-weight:700\" id=\"otto-bagimsiz-denetim\">Otto Ba\u011f\u0131ms\u0131z Denetim<\/h2>\n\n\n\n<div class=\"wp-block-buttons gutenify-section-f7d06720-0dc6-11ee-8dea-6752b411a41e is-content-justification-center is-layout-flex wp-container-core-buttons-is-layout-b5370032 wp-block-buttons-is-layout-flex gtfy-54\" style=\"margin-top:40px;margin-bottom:20px\">\n<div class=\"wp-block-button is-style-fill gutenify-section-f7d01900-0dc6-11ee-8dea-6752b411a41e gtfy-53\"><a class=\"wp-block-button__link has-primary-background-color has-background wp-element-button\" href=\"#\" style=\"padding-right:35px;padding-left:35px\">Hemen \u0130leti\u015fime Ge\u00e7<\/a><\/div>\n<\/div>\n<\/div>\n<\/div>\n<\/div><\/div>\n<\/div>\n<\/div>\n","protected":false},"excerpt":{"rendered":"<p>H\u0130ZMETLER\u0130M\u0130Z Hizmetlerimiz ve Hizmet Detaylar\u0131 Otto Denetim G\u00fcvencesiyle. Denetim ve G\u00fcvence Hizmetleri Ba\u011f\u0131ms\u0131z Denetim Hizmetleri [&hellip;]<\/p>\n","protected":false},"author":1,"featured_media":0,"parent":0,"menu_order":0,"comment_status":"closed","ping_status":"closed","template":"page-no-title","meta":{"om_disable_all_campaigns":false,"_monsterinsights_skip_tracking":false,"_monsterinsights_sitenote_active":false,"_monsterinsights_sitenote_note":"","_monsterinsights_sitenote_category":0,"_uf_show_specific_survey":0,"_uf_disable_surveys":false,"footnotes":""},"class_list":["post-24","page","type-page","status-publish","hentry"],"aioseo_notices":[],"_links":{"self":[{"href":"https:\/\/www.ottodenetim.com.tr\/index.php\/wp-json\/wp\/v2\/pages\/24","targetHints":{"allow":["GET"]}}],"collection":[{"href":"https:\/\/www.ottodenetim.com.tr\/index.php\/wp-json\/wp\/v2\/pages"}],"about":[{"href":"https:\/\/www.ottodenetim.com.tr\/index.php\/wp-json\/wp\/v2\/types\/page"}],"author":[{"embeddable":true,"href":"https:\/\/www.ottodenetim.com.tr\/index.php\/wp-json\/wp\/v2\/users\/1"}],"replies":[{"embeddable":true,"href":"https:\/\/www.ottodenetim.com.tr\/index.php\/wp-json\/wp\/v2\/comments?post=24"}],"version-history":[{"count":1,"href":"https:\/\/www.ottodenetim.com.tr\/index.php\/wp-json\/wp\/v2\/pages\/24\/revisions"}],"predecessor-version":[{"id":50,"href":"https:\/\/www.ottodenetim.com.tr\/index.php\/wp-json\/wp\/v2\/pages\/24\/revisions\/50"}],"wp:attachment":[{"href":"https:\/\/www.ottodenetim.com.tr\/index.php\/wp-json\/wp\/v2\/media?parent=24"}],"curies":[{"name":"wp","href":"https:\/\/api.w.org\/{rel}","templated":true}]}}